number?
True
Is 18779 a prime number?
False
Is 147007 composite?
True
Is 599267 prime?
False
Is 1039 a composite number?
False
Is 56629 composite?
False
Is 2429 composite?
True
Is 6067 a composite number?
False
Is 40217 a composite number?
True
Is 8219 prime?
True
Is 61067 prime?
False
Is 42505 a prime number?
False
Is 332039 prime?
True
Is 204635 a composite number?
True
Is 275369 prime?
False
Is 123531 prime?
False
Is 517 prime?
False
Is 126143 composite?
False
Is 7993 prime?
True
Is 1031231 prime?
True
Is 662743 a composite number?
False
Is 841759 composite?
True
Is 620603 prime?
True
Is 16243 composite?
True
Is 27337 prime?
True
Is 634927 a composite number?
False
Is 762673 composite?
True
Is 30565 prime?
False
Is 336953 prime?
False
Is 343481 a prime number?
True
Is 184411 composite?
True
Is 15683 composite?
False
Is 958861 composite?
True
Is 17617 a prime number?
False
Is 993338 a prime number?
False
Is 206177 a prime number?
True
Is 1707985 prime?
False
Is 20471 prime?
False
Is 221047 a prime number?
True
Is 721361 prime?
False
Is 10903 a composite number?
False
Is 206449 a composite number?
True
Is 628361 a composite number?
True
Is 3491 composite?
False
Is 611681 composite?
True
Is 22047 a composite number?
True
Is 32537 a prime number?
True
Is 1105913 prime?
True
Is 40063 a prime number?
True
Is 3683 composite?
True
Is 969023 composite?
True
Is 65517 prime?
False
Is 8999 a composite number?
False
Is 34669 a composite number?
True
Is 1043 composite?
True
Is 2548401 a prime number?
False
Is 23159 a composite number?
False
Is 701 a prime number?
True
Is 33817 composite?
True
Is 642113 a composite number?
False
Is 108753 a composite number?
True
Is 10037 prime?
True
Is 1802531 a composite number?
False
Is 798997 prime?
False
Is 46381 a composite number?
False
Is 2901 a prime number?
False
Is 20057 composite?
True
Is 133153 prime?
True
Is 14759 prime?
True
Is 525077 prime?
False
Is 9379 prime?
False
Is 305869 a prime number?
False
Is 355983 a prime number?
False
Is 25271 a composite number?
True
Is 1066433 a composite number?
False
Is 43573 a prime number?
True
Is 8621 composite?
True
Is 222209 prime?
False
Is 43649 prime?
True
Is 81223 composite?
False
Is 877 a prime number?
True
Is 5893 prime?
False
Is 4397 a prime number?
True
Is 82513 a prime number?
False
Is 130379 a prime number?
True
Is 3127 a composite number?
True
Is 429082 a prime number?
False
Is 1376773 a prime number?
True
Is 790043 a prime number?
True
Is 8923 prime?
True
Is 1457273 a composite number?
False
Is 75079 prime?
True
Is 64301 prime?
True
Is 12037 a composite number?
False
Is 16103 a composite number?
False
Is 95231 a composite number?
False
Is 7651 a prime number?
False
Is 107563 a composite number?
False
Is 634615 prime?
False
Is 9409 composite?
True
Is 133847 a prime number?
False
Is 81887 a prime number?
False
Is 55649 prime?
False
Is 40841 a prime number?
True
Is 115901 prime?
True
Is 9742 composite?
True
Is 51929 prime?
True
Is 15591 a composite number?
True
Is 10871 a composite number?
True
Is 35429 prime?
False
Is 551273 composite?
True
Is 5873 a composite number?
True
Is 2439929 a prime number?
True
Is 106213 prime?
True
Is 129581 a prime number?
True
Is 190763 a composite number?
False
Is 423697 a composite number?
False
Is 9349 a composite number?
False
Is 28673 composite?
True
Is 911201 a composite number?
False
Is 86299 prime?
False
Is 176158 prime?
False
Is 114713 prime?
True
Is 2735 a prime number?
False
Is 453227 prime?
True
Is 19571 a composite number?
False
Is 52265 a composite number?
True
Is 5041 a composite number?
True
Is 14791 a prime number?
False
Is 1399 a composite number?
False
Is 220043 a prime number?
False
Is 5777 a composite number?
True
Is 257973 composite?
True
Is 19451 prime?
False
Is 1643 composite?
True
Is 2521 a prime number?
True
Is 27647 composite?
False
Is 1151083 a composite number?
False
Is 455989 a prime number?
True
Is 3847 a prime number?
True
Is 3035 a prime number?
False
Is 6521 a composite number?
False
Is 8419 a prime number?
True
Is 14759 a prime number?
True
Is 256501 a prime number?
False
Is 51253 prime?
False
Is 114527 composite?
True
Is 380891 prime?
False
Is 81749 composite?
False
Is 2417 prime?
True
Is 93419 a composite number?
False
Is 12343 a prime number?
True
Is 255353 a composite number?
True
Is 514889 a composite number?
False
Is 161717 prime?
True
Is 93719 composite?
False
Is 31361 a composite number?
True
Is 33541 composite?
True
Is 25043 a prime number?
False
Is 2900131 a composite number?
True
Is 553 composite?
True
Is 109883 a prime number?
True
Is 161969 a prime number?
True
Is 1969111 a composite number?
False
Is 721113 a composite number?
True
Is 1201583 composite?
False
Is 4847 prime?
False
Is 108431 prime?
False
Is 276698 a prime number?
False
Is 187919 a composite number?
True
Is 26023 prime?
False
Is 5349 a composite number?
True
Is 50107 prime?
False
Is 81751 a composite number?
True
Is 524467 a prime number?
False
Is 16147 prime?
False
Is 13901 a composite number?
False
Is 12367 prime?
False
Is 50599 prime?
True
Is 86689 a prime number?
True
Is 1306061 a prime number?
False
Is 81509 composite?
False
Is 7151 a prime number?
True
Is 463571 prime?
False
Is 14383 composite?
True
Is 20627 prime?
True
Is 2437 prime?
True
Is 204973 composite?
False
Is 11081 composite?
True
Is 2189863 composite?
True
Is 41221 a prime number?
True
Is 619765 a composite number?
True
Is 25057 a composite number?
False
Is 530831 prime?
False
Is 2315217 prime?
False
Is 120409 a composite number?
True
Is 25969 a prime number?
True
Is 155773 a prime number?
True
Is 6319 a prime number?
False
Is 19289 prime?
True
Is 36433 a prime number?
True
Is 766993 composite?
True
Is 2581 a prime number?
False
Is 18553 a prime number?
True
Is 799195 composite?
True
Is 269639 composite?
True
Is 35539 composite?
True
Is 227947 prime?
True
Is 1507 a prime number?
False
Is 2722 a composite number?
True
Is 146915 composite?
True
Is 36485 prime?
False
Is 21991 composite?
False
Is 91337 a composite number?
True
Is 6609 a composite number?
True
Is 92527 prime?
False
Is 54709 prime?
True
Is 17543 a composite number?
True
Is 73478 a composite number?
True
Is 15859 prime?
True
Is 77471 a composite number?
False
Is 40769 composite?
True
Is 840963 a prime number?
False
Is 67103 a prime number?
True
Is 23737 a prime number?
False
Is 4561 composite?
False
Is 4271 prime?
True
Is 1180279 prime?
True
Is 3898553 a prime number?
False
Is 17023 a prime number?
False
Is 70982 composite?
True
Is 304193 a prime number?
True
Is 34403 a prime number?
True
Is 673 a prime number?
True
Is 6247 a prime number?
True
Is 1210611 a composite number?
True
Is 364069 prime?
True
Is 45413 composite?
False
Is 18595 a prime number?
False
Is 24257 composite?
True
Is 24573 prime?
False
Is 32663 a composite number?
True
Is 37397 a composite number?
False
Is 29173 composite?
False
Is 18181 prime?
True
Is 48953 composite?
False
Is 45827 a prime number?
True
Is 476977 a prime number?
True
Is 476947 prime?
False
Is 221691 a composite number?
True
Is 46337 a prime number?
True
Is 93349 prime?
False
Is 36415 composite?
True
Is 985 a prime number?
False
Is 34961 a prime number?
True
Is 169531 a composite number?
False
Is 21683 composite?
False
Is 309923 prime?
False
Is 441787 prime?
True
Is 154145 prime?
False
Is 28298 prime?
False
Is 506609 a prime number?
True
Is 671753 a prime number?
True
Is 12481 composite?
True
Is 48073 a composite number?
False
Is 43739 prime?
False
Is 24611 a composite number?
False
Is 581 a composite number?
True
Is 738491 composite?
True
Is 3233 prime?
False
Is 93263 a composite number?
False
Is 115457 prime?
False
Is 23663 a prime number?
True
Is 646031 a prime number?
False
Is 2741 prime?
True
Is 9502 composite?
True
Is 29254 prime?
False
Is 625741 composite?
True
Is 6385 a prime number?
False
Is 24227 a composite number?
True
Is 48157 a composite number?
False
Is 157067 composite?
True
Is 1431489 a composite number?
True
Is 666469 composite?
True
Is 1419427 a prime number?
True
Is 64859 a composite number?
True
Is 249059 prime?
True
Is 87257 prime?
True
Is 15299 prime?
True
Is 38747 composite?
False
Is 298 a composite number?
True
Is 301778 a prime 